inder when 415 is divided by 187.
41
Calculate the remainder when 328 is divided by 37.
32
What is the remainder when 2406 is divided by 18?
12
What is the remainder when 2338 is divided by 20?
18
Calculate the remainder when 153 is divided by 72.
9
What is the remainder when 111 is divided by 34?
9
What is the remainder when 199 is divided by 129?
70
What is the remainder when 100 is divided by 88?
12
Calculate the remainder when 186 is divided by 11.
10
What is the remainder when 81 is divided by 14?
11
Calculate the remainder when 111 is divided by 39.
33
What is the remainder when 95 is divided by 25?
20
What is the remainder when 4185 is divided by 23?
22
Calculate the remainder when 274 is divided by 37.
15
What is the remainder when 53 is divided by 29?
24
What is the remainder when 88 is divided by 44?
0
What is the remainder when 189 is divided by 22?
13
Calculate the remainder when 649 is divided by 217.
215
What is the remainder when 119 is divided by 31?
26
What is the remainder when 149 is divided by 54?
41
Calculate the remainder when 550 is divided by 92.
90
Calculate the remainder when 376 is divided by 18.
16
What is the remainder when 446 is divided by 207?
32
Calculate the remainder when 120 is divided by 26.
16
What is the remainder when 5218 is divided by 34?
16
Calculate the remainder when 434 is divided by 87.
86
What is the remainder when 61 is divided by 13?
9
What is the remainder when 462 is divided by 16?
14
What is the remainder when 774 is divided by 155?
154
What is the remainder when 123 is divided by 25?
23
Calculate the remainder when 100 is divided by 29.
13
Calculate the remainder when 833 is divided by 40.
33
What is the remainder when 619 is divided by 52?
47
Calculate the remainder when 349 is divided by 17.
9
Calculate the remainder when 133 is divided by 60.
13
Calculate the remainder when 4042 is divided by 56.
10
Calculate the remainder when 938 is divided by 135.
128
What is the remainder when 432 is divided by 31?
29
Calculate the remainder when 123 is divided by 14.
11
Calculate the remainder when 1234 is divided by 38.
18
What is the remainder when 2451 is divided by 2447?
4
What is the remainder when 2409 is divided by 10?
9
What is the remainder when 48 is divided by 9?
3
Calculate the remainder when 798 is divided by 64.
30
What is the remainder when 50 is divided by 31?
19
Calculate the remainder when 320 is divided by 17.
14
Calculate the remainder when 580 is divided by 571.
9
What is the remainder when 1777 is divided by 586?
19
Calculate the remainder when 5612 is divided by 54.
50
Calculate the remainder when 1385 is divided by 126.
125
Calculate the remainder when 497 is divided by 72.
65
Calculate the remainder when 3593 is divided by 133.
2
What is the remainder when 333 is divided by 75?
33
What is the remainder when 169 is divided by 51?
16
What is the remainder when 483 is divided by 122?
117
What is the remainder when 35 is divided by 18?
17
What is the remainder when 213 is divided by 36?
33
Calculate the remainder when 13962 is divided by 7.
4
Calculate the remainder when 2849 is divided by 15.
14
Calculate the remainder when 542 is divided by 177.
11
Calculate the remainder when 122 is divided by 41.
40
Calculate the remainder when 58 is divided by 34.
24
Calculate the remainder when 3 is divided by 2.
1
Calculate the remainder when 90 is divided by 26.
12
What is the remainder when 997 is divided by 91?
87
Calculate the remainder when 2846 is divided by 7.
4
What is the remainder when 4657 is divided by 34?
33
What is the remainder when 144 is divided by 15?
9
What is the remainder when 338 is divided by 68?
66
Calculate the remainder when 160 is divided by 23.
22
What is the remainder when 62 is divided by 33?
29
What is the remainder when 47 is divided by 18?
11
What is the remainder when 307 is divided by 142?
23
Calculate the remainder when 6897 is divided by 103.
99
What is the remainder when 5859 is divided by 34?
11
Calculate the remainder when 236 is divided by 112.
12
What is the remainder when 727 is divided by 237?
16
Calculate the remainder when 2555 is divided by 61.
54
What is the remainder when 5826 is divided by 67?
64
Calculate the remainder when 464 is divided by 288.
176
Calculate the remainder when 218 is divided by 13.
10
What is the remainder when 1495 is divided by 136?
135
What is the remainder when 188 is divided by 58?
14
Calculate the remainder when 132 is divided by 27.
24
Calculate the remainder when 868 is divided by 30.
28
What is the remainder when 112 is divided by 49?
14
What is the remainder when 332 is divided by 108?
8
Calculate the remainder when 431 is divided by 244.
187
What is the remainder when 546 is divided by 15?
6
What is the remainder when 93 is divided by 29?
6
Calculate the remainder when 488 is divided by 478.
10
What is the remainder when 753 is divided by 136?
73
Calculate the remainder when 488 is divided by 72.
56
What is the remainder when 53 is divided by 10?
3
Calculate the remainder when 146 is divided by 43.
17
Calculate the remainder when 681 is divided by 11.
10
Calculate the remainder when 806 is divided by 200.
6
Calculate the remainder when 227 is divided by 99.
29
What is the remainder when 2111 is divided by 22?
21
Calculate the remainder when 19 is divided by 5.
4
What is the remainder when 6972 is divided by 1740?
12
Calculate the remainder when 5836 is divided by 14.
12
What is the remainder when 756 is divided by 244?
24
Calculate the remainder when 68 is divided by 36.
32
Calculate the remainder when 1461 is divided by 40.
21
Calculate the remainder when 1749 is divided by 22.
11
What is the remainder when 195 is divided by 100?
95
Calculate the remainder when 93 is divided by 2.
1
What is the remainder when 252 is divided by 65?
57
Calculate the remainder when 47 is divided by 15.
2
What is the remainder when 39 is divided by 24?
15
Calculate the remainder when 208 is divided by 15.
13
What is the remainder when 900 is divided by 17?
16
Calculate the remainder when 1111 is divided by 31.
26
What is the remainder when 472 is divided by 33?
10
Calculate the remainder when 117 is divided by 56.
5
Calculate the remainder when 332 is divided by 49.
38
Calculate the remainder when 62 is divided by 56.
6
Calculate the remainder when 498 is divided by 167.
164
Calculate the remainder when 12597 is divided by 36.
33
Calculate the remainder when 951 is divided by 28.
27
What is the remainder when 5 is divided by 1?
0
What is the remainder when 170 is divided by 77?
16
What is the remainder when 40 is divided by 31?
9
Calculate the remainder when 2131 is divided by 23.
15
Calculate the remainder when 3801 is divided by 93.
81
What is the remainder when 312 is divided by 46?
36
What is the remainder when 293 is divided by 14?
13
Calculate the remainder when 248 is divided by 42.
38
What is the remainder when 47 is divided by 10?
7
Calculate the remainder when 380 is divided by 364.
16
Calculate the remainder when 813 is divided by 16.
13
What is the remainder when 138 is divided by 37?
27
Calculate the remainder when 3431 is divided by 33.
32
Calculate the remainder when 37 is divided by 5.
2
What is the remainder when 3659 is divided by 37?
33
What is the remainder when 519 is divided by 513?
6
What is the remainder when 211 is divided by 36?
31
Calculate the remainder when 2153 is divided by 154.
151
What is the remainder when 219 is divided by 22?
21
Calculate the remainder when 741 is divided by 105.
6
What is the remainder when 384 is divided by 55?
54
What is the remainder when 130 is divided by 28?
18
Calculate the remainder when 81 is divided by 11.
4
What is the remainder when 730 is divided by 7?
2
What is the remainder when 1005 is divided by 168?
165
What is the remainder when 1175 is divided by 49?
48
What is the remainder when 1496 is divided by 14?
12
Calculate the remainder when 3562 is divided by 66.
64
Calculate the remainder when 3211 is divided by 26.
13
Calculate the remainder when 286 is divided by 73.
67
Calculate the remainder when 2449 is divided by 34.
1
Calculate the remainder when 3208 is divided by 10.
8
What is the remainder when 355 is divided by 165?
25
What is the remainder when 2